pose 695 = -3*b + 8696. What is the hundreds digit of b?
6
Suppose r + 2*r + 355 = -4*h, -436 = 5*h - 4*r. Let d be h/(-72) - 4/18. What is the tens digit of 1*(d + -2) - -12?
1
What is the hundreds digit of ((-5164)/(-10))/((-30)/(-75))?
2
Let k = 176 + 17. Suppose -120 = -m + 4*d, -2*m - 4*d = 13 - k. What is the units digit of m?
0
Let h(f) = -f**2 - 2*f. Let v be h(0). What is the units digit of (0 - v) + (5 + -4)*113?
3
Suppose -519 = -y + c, -13*c = -4*y - 8*c + 2073. What is the tens digit of y?
2
Suppose 0 - 10 = 2*x. Let l(a) = 7*a**2 + 5*a - 8. Let d be l(x). Suppose -10*v + 8*v = -d. What is the units digit of v?
1
Let l(g) = -g**3 + 18*g**2 - 18*g + 28. What is the units digit of l(10)?
8
Let p(u) = u**3 + 8*u**2 - u - 15. Let m be p(-8). What is the tens digit of m*(30/(-12) - 2/(-4))?
1
Let i(z) = -z**3 + 4*z**2 - z - 2. Let x be i(2). Suppose -a = x - 0. What is the tens digit of 34 - a*3/(-12)?
3
Suppose -3*u + 21 = -3*y, -1 = -2*y + 3*u - 20. What is the units digit of y/5 + 714/10?
1
Let m(u) = 263*u - 300. What is the tens digit of m(18)?
3
Suppose -5*x = -3*w + 36, 0 = x - w - 2*w + 12. Suppose 5 = 3*o - 4*z - 2, -2*o - 2*z + 28 = 0. Let y = o - x. What is the units digit of y?
5
Let f be (10/4)/((-1)/(-2)). What is the tens digit of (9 - 0)/(f + (-117)/24)?
7
Let j(a) = -a**2 - 4*a + 4. Let x be j(-5). Let s = x + 3. What is the tens digit of 21/s + (-1)/2?
1
Suppose 2*s - s - 80 = -5*o, -5*o + 100 = 5*s. Let t be 0/2 + 3 - o. What is the units digit of (-3)/(-18) - 250/t?
1
Let r(b) = -b**3 + 9*b**2 + 8*b + 19. What is the units digit of r(-6)?
1
Let q = 2109 + 1170. What is the thousands digit of q?
3
Let o = 43 + -37. Let d(l) = 4*l + l**2 + 7 - 8 - 2*l. What is the units digit of d(o)?
7
Let u = 313 - -16. Suppose z + u = 8*z. What is the units digit of z?
7
Let m(t) = t**2 + 4*t - 5. Let r be m(-5). Suppose y + 2*v + 5 = r, -4*v + 2 = 18. Suppose -4*g + 56 = 2*l, -5*g + 106 = y*l + l. What is the tens digit of l?
2
Suppose 0*u = -5*j - 2*u + 9, 3*j = u + 1. Let d = 16 - j. Suppose 15 = -z - 4*x, 2*x = -x - d. What is the units digit of z?
5
Suppose -269*q = -272*q + 1761. What is the hundreds digit of q?
5
Suppose -420 = -7*u + 2814. What is the tens digit of u?
6
Let m(d) = -d**3 - 3*d**2 - d - 3. Let k be m(-4). Let a = k + -17. Suppose a = -0*t - 2*t + 2*v + 28, -3*t - 2*v = -57. What is the tens digit of t?
1
Suppose -2*t + 58 = -8. Suppose o - t = c, c - 79 = o - 4*o. What is the tens digit of o?
2
Let j(x) = -2*x - 15. Let a be j(-9). Suppose -a*l + 134 = n, -2*l - 2*l = 5*n - 164. What is the units digit of l?
6
Let u(d) = d - 6. Let f be u(11). Suppose -w + 3*x = -20, 0 = -5*w - f*x + 64 + 56. What is the units digit of w?
3
Suppose -3*b = 2*v - 9, 2*v + 3*v - 4*b + 35 = 0. What is the hundreds digit of (-2)/(-1) - 360/v?
1
Let u = 27 - 25. What is the tens digit of (-31)/((-28)/12 + u)?
9
Let o(j) = j**2 + 26*j + 80. Let u be o(-22). Let v(t) = -6 - 6*t - 14 + 4. What is the tens digit of v(u)?
3
Suppose 3*w + 0 + 0 = 0. Suppose 3*l - 8*l + 4*k + 76 = w, 5*l - 3*k = 72. What is the units digit of l?
2
Let d(b) = 4*b**3 + 2*b**2 - 2*b - 4. Let h be 0 + 2 - (3 + (4 - 7)). What is the tens digit of d(h)?
3
Let o(d) = d**2 - 14. Let b be o(4). Let f(j) = 6*j**2 - j - 1. Let g(n) = 12*n**2 - 2*n - 2. Let h(w) = 5*f(w) - 2*g(w). What is the tens digit of h(b)?
2
Suppose 0 = l + 4, -2*c - 26 = -7*c - l. Suppose -a + 396 = 2*f, 2*f - c*f - 5*a + 804 = 0. What is the units digit of f?
6
Let b(j) = -j**3 - 8*j**2 + 12*j - 4. Let a be b(-10). Suppose -a = -4*x + 48. What is the tens digit of x?
3
Suppose -457 = -2*d + 5*z + 871, -d = -z - 664. What is the hundreds digit of d?
6
Let h be 132 + (-16 - -16)*(-1 - 0). Let m = 100 + h. What is the hundreds digit of m?
2
Let a = 177 + 94. Let k = a - 153. What is the hundreds digit of k?
1
Let u be 3/((-6)/(-808)) - (-11 - -7). Suppose 2*w + n - u = -0*w, 5*w = 2*n + 1011. What is the tens digit of w?
0
Let p(l) = l**2 - 19*l + 43. What is the hundreds digit of p(22)?
1
Suppose -l + 5*l + 20 = 0. Let g = l - 1. Let b = g + 11. What is the units digit of b?
5
Let x(a) = 21*a + 4 + 16*a**2 + 21 + a**3 - 24*a. Suppose 0*s - 2*s - 32 = 0. What is the tens digit of x(s)?
7
Let i = 1349 + 508. What is the tens digit of i?
5
Let i(p) = p**2 - 5*p + 8. Let o be i(10). Let v = -18 + o. What is the units digit of v?
0
Let q be -3 + -18*2/(-3). Suppose w + 1216 = q*w. What is the tens digit of w?
5
Let a = -17 - -19. Suppose -5*c + 15 = -5*h, a*c + h = 7 - 4. Let v(u) = 3*u**3 - 3*u**2 + 2*u - 1. What is the tens digit of v(c)?
1
Let j(i) = 33*i - 13. Let q(l) = -33*l + 13. Let v(c) = 4*j(c) + 3*q(c). What is the units digit of v(3)?
6
Let w = 1841 + 788. What is the thousands digit of w?
2
Suppose 4 - 2 = 2*p. Suppose -p = q + x, -x + 14 = 5*q + 3. Suppose 0 = 3*u + q - 6. What is the units digit of u?
1
What is the units digit of (3 - 115/(-3))*60?
0
Let a = -234 - -430. What is the hundreds digit of a?
1
Let g(j) = j**3 + 5*j**2 + 7. Let o be -1 - -1*18/3. Let b be (-27)/o + 2/5. What is the units digit of g(b)?
7
Suppose 4*y + v = 59, -3*y - 4*v + 11 + 17 = 0. Let u = y + 25. Suppose 0 = 3*j - 67 - u. What is the units digit of j?
6
Let k(n) = -n - 1. Let r(l) = 9*l**2. Let b be r(1). Let c = 4 - b. What is the units digit of k(c)?
4
What is the tens digit of 5384/(9/(63/14))?
9
Suppose -3*q + 30 = -42. What is the units digit of (-6)/q - 133/(-4)?
3
What is the units digit of 1/((-12222)/(-2443) - 5)?
9
Suppose -18*l + 14400 + 66618 = 0. What is the thousands digit of l?
4
Let p(q) = 14*q**2 - q. Let z be p(1). Suppose 4*o + z = 1. What is the tens digit of (2 - 3) + 19 - o?
2
Suppose 0 = -9*c + c + 24. What is the tens digit of (-807)/(-21) + c/(-7)?
3
Suppose -4*g = 3*z - z - 4676, 5*z = 5*g + 11615. What is the hundreds digit of z?
3
Suppose -10 + 2 = 4*g - 4*p, 4*g + 4*p = 8. Suppose -d = -2, -n = -g*d + 2*d - 14. Let x = n - 5. What is the units digit of x?
5
Suppose -18*u - 1461 = -20*u - 5*n, 0 = -5*u + 4*n + 3735. What is the units digit of u?
3
Suppose 0 = -2*n + 8. Suppose 2*u = z - 34, z - 5*z - n*u + 88 = 0. What is the units digit of z?
6
Let z(i) = 4*i**2 + 16*i - 210. What is the hundreds digit of z(-23)?
5
What is the units digit of 1/((-20)/(-8)) + (-11146)/(-10)?
5
Let y = -15 - -40. Suppose -4*b - 77 = -a + b, y = -5*b. What is the tens digit of a?
5
Suppose 3202 = 6*k - 5390. What is the tens digit of k?
3
Let r(x) = -3*x - 12. Let p be r(0). What is the units digit of (p/15)/((-2)/50)?
0
Let o be (-166)/(-6) + (-1)/(-3). Suppose -7*y = -11*y + o. Let k = y - -16. What is the units digit of k?
3
Let f(z) = -z - 1. Suppose -2*s = -5*s - 5*g + 6, -s + 4*g = -2. Let h be f(s). Let t = h - -9. What is the units digit of t?
6
Let k(l) = l + 12. Let u = 41 + -50. What is the units digit of k(u)?
3
Suppose -4*t - 568 = -3028. What is the hundreds digit of t?
6
Let j(l) = l**3 - l**2 - l - 8. Suppose -f + 3 = 2*z - 3, -3*z = 4*f - 9. Let x be j(f). What is the units digit of -4*-18*(-2)/x?
8
Let m be 4/3*(-39)/(-26). Suppose -m*o - 3*s = s - 26, 0 = 2*o + 2*s - 18. Suppose o*j + 0*j = 120. What is the tens digit of j?
2
Suppose -d + 115 - 25 = 0. Let k = 19 - d. What is the units digit of 3/9 - k/3?
4
Suppose 2*w = -588 + 3052. Suppose 0 = -5*o + 9*o - w. What is the hundreds digit of o?
3
Suppose 2467 = 5*j - 933. What is the hundreds digit of j?
6
Let f(n) be the third derivative of n**5/30 - n**4/6 + 23*n**3/6 + 15*n**2. What is the units digit of f(9)?
9
Let t = 0 + 0. Suppose 12 = -44*k + 47*k. Suppose -28 = -5*a - t*o + k*o, -2*a + o = -13. What is the units digit of a?
8
Suppose -y - 5 = 3. Let d be (-2)/(-2)*(y - -1). Let o(l) = -3*l + 15. What is the units digit of o(d)?
6
Let b be (-1)/(1*(-4)/16). What is the units digit of b - (-26)/(0/(-4) - -1)?
0
Suppose -2*f + 2 = m, m - f - 6 = 11. Suppose 0 = -9*z + m*z - 129. What is the tens digit of z?
4
Let n(x) = 427*x**2 + 35*x + 2. What is the tens digit of n(-3)?
4
Let p = 247 - -756. What is the tens digit of p?
0
Let w(v) = v**2 - 3*v + 5. Let i = -15 + 11. Let j = 10 + i. What is the units digit of w(j)?
3
Let a = -67 - -71. Suppose -152 = -a*i - z, -i + 82 = i - z. What is the units digit of i?
9
Suppo